{"id":2703,"date":"2023-07-11T06:46:39","date_gmt":"2023-07-11T06:46:39","guid":{"rendered":"https:\/\/goldwerk-wiesbaden.de\/?page_id=2703"},"modified":"2023-07-11T13:25:57","modified_gmt":"2023-07-11T13:25:57","slug":"service","status":"publish","type":"page","link":"https:\/\/goldwerk-wiesbaden.de\/index.php\/service\/","title":{"rendered":"Service"},"content":{"rendered":"\t\t<div data-elementor-type=\"wp-page\" data-elementor-id=\"2703\" class=\"elementor elementor-2703\">\n\t\t\t\t\t\t<section class=\"elementor-section elementor-top-section elementor-element elementor-element-f7c225c elementor-section-boxed elementor-section-height-default elementor-section-height-default elementor-invisible\" data-id=\"f7c225c\" data-element_type=\"section\" data-e-type=\"section\" data-settings=\"{&quot;animation&quot;:&quot;fadeIn&quot;}\">\n\t\t\t\t\t\t<div class=\"elementor-container elementor-column-gap-default\">\n\t\t\t\t\t<div class=\"elementor-column elementor-col-100 elementor-top-column elementor-element elementor-element-c5ed964\" data-id=\"c5ed964\" data-element_type=\"column\" data-e-type=\"column\">\n\t\t\t<div class=\"elementor-widget-wrap elementor-element-populated\">\n\t\t\t\t\t\t<div class=\"elementor-element elementor-element-ea4dd3f elementor-widget elementor-widget-slider_revolution\" data-id=\"ea4dd3f\" data-element_type=\"widget\" data-e-type=\"widget\" data-widget_type=\"slider_revolution.default\">\n\t\t\t\t<div class=\"elementor-widget-container\">\n\t\t\t\t\t\n\t\t<div class=\"wp-block-themepunch-revslider\">\n\t\t\t<!-- START Threecube Slider REVOLUTION SLIDER 6.5.15 --><p class=\"rs-p-wp-fix\"><\/p>\n\t\t\t<rs-module-wrap id=\"rev_slider_1_1_wrapper\" data-source=\"gallery\" style=\"visibility:hidden;background:transparent;padding:0;margin:0px auto;margin-top:0;margin-bottom:0;\">\n\t\t\t\t<rs-module id=\"rev_slider_1_1\" style=\"\" data-version=\"6.5.15\">\n\t\t\t\t\t<rs-slides>\n\t\t\t\t\t\t<rs-slide style=\"position: absolute;\" data-key=\"rs-1\" data-title=\"main banner 1\" data-thumb=\"\/\/goldwerk-wiesbaden.de\/wp-content\/uploads\/2023\/07\/IMG_7086-1-scaled-50x100.jpeg\" data-anim=\"ms:1300;f:edges;\" data-in=\"mo:35;moo:none;o:0;x:ran(-20|20);y:ran(-20|20);r:180;e:sine.inOut;col:100;\" data-out=\"a:false;\">\n\t\t\t\t\t\t\t<img fetchpriority=\"high\" decoding=\"async\" src=\"\/\/goldwerk-wiesbaden.de\/wp-content\/plugins\/revslider\/public\/assets\/assets\/dummy.png\" alt=\"\" title=\"IMG_7086\" width=\"2560\" height=\"1920\" class=\"rev-slidebg tp-rs-img rs-lazyload\" data-lazyload=\"\/\/goldwerk-wiesbaden.de\/wp-content\/uploads\/2023\/07\/IMG_7086-1-scaled.jpeg\" data-no-retina>\n<!--\n\t\t\t\t\t\t\t--><rs-layer\n\t\t\t\t\t\t\t\tid=\"slider-1-slide-1-layer-1\" \n\t\t\t\t\t\t\t\tdata-type=\"text\"\n\t\t\t\t\t\t\t\tdata-color=\"#ffffff\"\n\t\t\t\t\t\t\t\tdata-rsp_ch=\"on\"\n\t\t\t\t\t\t\t\tdata-xy=\"x:5px;y:299px;\"\n\t\t\t\t\t\t\t\tdata-text=\"w:normal;s:58;l:60;ls:2px;\"\n\t\t\t\t\t\t\t\tdata-dim=\"w:998px;\"\n\t\t\t\t\t\t\t\tdata-frame_0=\"o:1;\"\n\t\t\t\t\t\t\t\tdata-frame_0_chars=\"d:5;o:0;rX:-90deg;oZ:-50;\"\n\t\t\t\t\t\t\t\tdata-frame_1=\"sp:1750;\"\n\t\t\t\t\t\t\t\tdata-frame_1_chars=\"e:power4.inOut;d:10;oZ:-50;\"\n\t\t\t\t\t\t\t\tdata-frame_999=\"o:0;st:w;sR:5850;\"\n\t\t\t\t\t\t\t\tstyle=\"z-index:6;font-family:'Krona One';text-transform:uppercase;\"\n\t\t\t\t\t\t\t>Goldwerk Wiesbaden \n\t\t\t\t\t\t\t<\/rs-layer><!--\n-->\t\t\t\t\t\t<\/rs-slide>\n\t\t\t\t\t\t<rs-slide style=\"position: absolute;\" data-key=\"rs-2\" data-title=\"main banner 1\" data-thumb=\"\/\/goldwerk-wiesbaden.de\/wp-content\/uploads\/revslider\/video-media\/IMG_8290_2-50x100.jpeg\" data-anim=\"ms:1300;f:edges;\" data-in=\"mo:35;moo:none;o:0;x:ran(-20|20);y:ran(-20|20);r:180;e:sine.inOut;col:100;\" data-out=\"a:false;\">\n\t\t\t\t\t\t\t<img decoding=\"async\" src=\"\/\/goldwerk-wiesbaden.de\/wp-content\/plugins\/revslider\/public\/assets\/assets\/dummy.png\" alt=\"\" title=\"IMG_8290_2.jpeg\" width=\"640\" height=\"360\" class=\"rev-slidebg tp-rs-img rs-lazyload\" data-lazyload=\"\/\/goldwerk-wiesbaden.de\/wp-content\/uploads\/revslider\/video-media\/IMG_8290_2.jpeg\" data-no-retina>\n\t\t\t\t\t\t\t<rs-bgvideo \n\t\t\t\t\t\t\t\tdata-video=\"w:100%;h:100%;nse:false;l:true;ptimer:false;vfc:true;\"\n\t\t\t\t\t\t\t\tdata-mp4=\"\/\/goldwerk-wiesbaden.de\/wp-content\/uploads\/2023\/07\/IMG_8290.mp4\"\n\t\t\t\t\t\t\t><\/rs-bgvideo>\n<!---->\t\t\t\t\t\t<\/rs-slide>\n\t\t\t\t\t<\/rs-slides>\n\t\t\t\t\t<rs-static-layers><!--\n\t\t\t\t\t--><\/rs-static-layers>\n\t\t\t\t<\/rs-module>\n\t\t\t\t<script>\n\t\t\t\t\tsetREVStartSize({c: 'rev_slider_1_1',rl:[1240,1024,778,480],el:[825],gw:[1024],gh:[825],type:'standard',justify:'',layout:'fullwidth',mh:\"0\"});if (window.RS_MODULES!==undefined && window.RS_MODULES.modules!==undefined && window.RS_MODULES.modules[\"revslider11\"]!==undefined) {window.RS_MODULES.modules[\"revslider11\"].once = false;window.revapi1 = undefined;if (window.RS_MODULES.checkMinimal!==undefined) window.RS_MODULES.checkMinimal()}\n\t\t\t\t<\/script>\n\t\t\t<\/rs-module-wrap>\n\t\t\t<!-- END REVOLUTION SLIDER -->\n<\/div>\n\n\t\t\t\t\t\t<\/div>\n\t\t\t\t<\/div>\n\t\t\t\t\t<\/div>\n\t\t<\/div>\n\t\t\t\t\t<\/div>\n\t\t<\/section>\n\t\t\t\t<section class=\"elementor-section elementor-top-section elementor-element elementor-element-de8bc80 elementor-section-boxed elementor-section-height-default elementor-section-height-default\" data-id=\"de8bc80\" data-element_type=\"section\" data-e-type=\"section\">\n\t\t\t\t\t\t<div class=\"elementor-container elementor-column-gap-default\">\n\t\t\t\t\t<div class=\"elementor-column elementor-col-100 elementor-top-column elementor-element elementor-element-6297c2b\" data-id=\"6297c2b\" data-element_type=\"column\" data-e-type=\"column\">\n\t\t\t<div class=\"elementor-widget-wrap elementor-element-populated\">\n\t\t\t\t\t\t<div class=\"elementor-element elementor-element-af7c7a4 elementor-widget elementor-widget-spacer\" data-id=\"af7c7a4\" data-element_type=\"widget\" data-e-type=\"widget\" data-widget_type=\"spacer.default\">\n\t\t\t\t<div class=\"elementor-widget-container\">\n\t\t\t\t\t\t\t<div class=\"elementor-spacer\">\n\t\t\t<div class=\"elementor-spacer-inner\"><\/div>\n\t\t<\/div>\n\t\t\t\t\t\t<\/div>\n\t\t\t\t<\/div>\n\t\t\t\t\t<\/div>\n\t\t<\/div>\n\t\t\t\t\t<\/div>\n\t\t<\/section>\n\t\t\t\t<div class=\"elementor-section elementor-top-section elementor-element elementor-element-41116f8 animated-slow elementor-section-boxed elementor-section-height-default elementor-section-height-default elementor-invisible\" data-id=\"41116f8\" data-element_type=\"section\" data-e-type=\"section\" data-settings=\"{&quot;animation&quot;:&quot;fadeIn&quot;}\">\n\t\t\t\t\t\t<div class=\"elementor-container elementor-column-gap-default\">\n\t\t\t\t\t<div class=\"elementor-column elementor-col-100 elementor-top-column elementor-element elementor-element-afbcc0b\" data-id=\"afbcc0b\" data-element_type=\"column\" data-e-type=\"column\">\n\t\t\t<div class=\"elementor-widget-wrap elementor-element-populated\">\n\t\t\t\t\t\t<div class=\"elementor-element elementor-element-e1a42b3 elementor-widget elementor-widget-text-editor\" data-id=\"e1a42b3\" data-element_type=\"widget\" data-e-type=\"widget\" data-widget_type=\"text-editor.default\">\n\t\t\t\t<div class=\"elementor-widget-container\">\n\t\t\t\t\t\t\t\t\t<p style=\"text-align: center;\">Service<\/p>\t\t\t\t\t\t\t\t<\/div>\n\t\t\t\t<\/div>\n\t\t\t\t\t<\/div>\n\t\t<\/div>\n\t\t\t\t\t<\/div>\n\t\t<\/div>\n\t\t\t\t<div class=\"elementor-section elementor-top-section elementor-element elementor-element-ebd8fb4 any question animated-slow elementor-section-boxed elementor-section-height-default elementor-section-height-default elementor-invisible\" data-id=\"ebd8fb4\" data-element_type=\"section\" data-e-type=\"section\" data-settings=\"{&quot;animation&quot;:&quot;fadeIn&quot;}\">\n\t\t\t\t\t\t<div class=\"elementor-container elementor-column-gap-default\">\n\t\t\t\t\t<div class=\"elementor-column elementor-col-100 elementor-top-column elementor-element elementor-element-814a845\" data-id=\"814a845\" data-element_type=\"column\" data-e-type=\"column\">\n\t\t\t<div class=\"elementor-widget-wrap elementor-element-populated\">\n\t\t\t\t\t\t<div class=\"elementor-element elementor-element-afd608e elementor-widget elementor-widget-text-editor\" data-id=\"afd608e\" data-element_type=\"widget\" data-e-type=\"widget\" data-widget_type=\"text-editor.default\">\n\t\t\t\t<div class=\"elementor-widget-container\">\n\t\t\t\t\t\t\t\t\t<p><strong>Wir machen Ihr Anliegen zu unserer Passion.<\/strong><\/p><p>Unser Dienstleistungsangebot richtet sich vollst\u00e4ndig nach Ihren Anliegen. <br \/>Wir stellen uns individuell auf Ihr Thema ein und richten uns nach Ihren W\u00fcnschen.<br \/>Unser Ziel wird immer sein, Ihre Erwartungen zu \u00fcbertreffen.<\/p><p>An dieser Stelle m\u00f6chten wir Ihnen jedoch einige unserer Dienstleistungen vorstellen.<\/p><ol><li><p><b>Probleml\u00f6sung<\/b><\/p><\/li><\/ol><p>Wir stellen sicher, dass die Probleme unsere Kunden schnell, effektiv und zuverl\u00e4ssig gel\u00f6st werden<\/p><ol start=\"2\"><li><p><b>Beratung<\/b><\/p><\/li><\/ol><p>Bei der Auswahl des richtigen Schmucks unterst\u00fctzen wir Sie gerne.\u00a0 Basierend auf dem Anlass, Ihren W\u00fcnschen an Materialien, Qualit\u00e4t, dem Budget, und Ihrem pers\u00f6nlichen Geschmack geben wir Empfehlungen f\u00fcr Sie.\u00a0<\/p><p>Gerade wenn Schmuck als besonderes Geschenk dienen soll, spielt die Beratung eine wichtige Rolle.<\/p><p>Letztendlich ist die Wahl Ihres Schmucks eine pers\u00f6nliche Entscheidung, die von den individuellen Bed\u00fcrfnissen, Stilvorlieben und Budget abh\u00e4ngt.\u00a0\u00a0<\/p><ol start=\"3\"><li><p><b>Reparatur<\/b><\/p><\/li><\/ol><p>Mit modernen Techniken und klassischen Werkzeugen k\u00f6nnen in unserer Werkstatt besch\u00e4digte Schmuckst\u00fccke repariert und neu angepasst werden.<\/p><p>Der Austausch der Batterie f\u00fcr Ihre Uhr wird direkt bei uns erledigt.\u00a0<\/p><p>Auch f\u00fcr spezielle Arbeiten an Echtschmuck und Uhren, die wir vor Ort nicht leisten, stehen wir Ihnen als Partner Ihres Vertrauens in Bierstadt zur Verf\u00fcgung. Mit unserem Netzwerk an Spezialisten, Goldschmieden und Uhrmachern steuern und begleiten wir den Prozess vom Kostenvoranschlag bis zur Auslieferung Ihres Schmuckst\u00fccks.<\/p><ol start=\"4\"><li><p><b>Ersatzteilbeschaffung<\/b><\/p><\/li><\/ol><p>Um eine Reparatur Ihres Schmuckst\u00fccks zu realisieren, k\u00f6nnen Ersatzteile notwendig werden. Gerade bei Erbst\u00fccken und \u00e4lteren Sch\u00e4tzen kann dies zu einer Herausforderung werden, die wir gerne f\u00fcr Sie annehmen.\u00a0<\/p><ol start=\"5\"><li><p><b>Reinigung<\/b><\/p><\/li><\/ol><p>Der t\u00e4gliche Gebrauch von Schmuck oder eine Verf\u00e4rbung zum Beispiel durch Kosmetika kann eine Reinigung notwendig machen. Durch regelm\u00e4\u00dfige Pflege bleibt die Freude am Schmuck f\u00fcr viele Jahre erhalten. Daf\u00fcr bieten wir Ihnen die fachgerechte Reinigung und die Politur Ihrer Schmuckst\u00fccke an.\u00a0\u00a0\u00a0\u00a0<\/p><ol start=\"6\"><li><p><b>Gravur<\/b><\/p><\/li><\/ol><p>Gerne nehmen wir Ihren Auftrag zur Personalisierung und Individualisierung Ihrer Schmuckst\u00fccke an. F\u00fcr Ihre Vorstellungen und W\u00fcnsche an die Individualisierung bestellen wir die Gravur Dienste des f\u00fcr Ihren Wunsch geeigneten Partner-Betriebs.<\/p><ol start=\"7\"><li><p><b>Verpackung<\/b><\/p><\/li><\/ol><p>Um Ihre Schmuckst\u00fccke als Geschenk zu pr\u00e4sentieren, bieten wir Ihnen individuelle Geschenkboxen und Verpackungsdienste an.\u00a0\u00a0<\/p><p>.\u00a0\u00a0\u00a0<b>8. Hol &amp; Bring Service\u00a0<\/b><\/p><p>F\u00fcr unsere Kunden, die keine M\u00f6glichkeiten haben, unsere Produkte oder Dienstleistungen in unser Gesch\u00e4ft zu bringen, zu holen oder abzuwickeln, bieten wir Ihnen unseren Service bei Ihnen zu Hause.\u00a0\u00a0\u00a0\u00a0<\/p><ol start=\"9\"><li><p><b>Ihre Ideen<\/b><\/p><\/li><\/ol><p>Wir sind gespannt, welche Dienste und Leistungen Sie von uns ben\u00f6tigen, erwarten oder w\u00fcnschen.<\/p>\t\t\t\t\t\t\t\t<\/div>\n\t\t\t\t<\/div>\n\t\t\t\t<div class=\"elementor-element elementor-element-cabf427 elementor-widget elementor-widget-spacer\" data-id=\"cabf427\" data-element_type=\"widget\" data-e-type=\"widget\" data-widget_type=\"spacer.default\">\n\t\t\t\t<div class=\"elementor-widget-container\">\n\t\t\t\t\t\t\t<div class=\"elementor-spacer\">\n\t\t\t<div class=\"elementor-spacer-inner\"><\/div>\n\t\t<\/div>\n\t\t\t\t\t\t<\/div>\n\t\t\t\t<\/div>\n\t\t\t\t\t<\/div>\n\t\t<\/div>\n\t\t\t\t\t<\/div>\n\t\t<\/div>\n\t\t\t\t<\/div>\n\t\t","protected":false},"excerpt":{"rendered":"<p>Service Wir machen Ihr Anliegen zu unserer Passion. Unser Dienstleistungsangebot richtet sich vollst\u00e4ndig nach Ihren Anliegen. Wir stellen uns individuell auf Ihr Thema ein und richten uns nach Ihren W\u00fcnschen.Unser Ziel wird immer sein, Ihre Erwartungen zu \u00fcbertreffen. An dieser Stelle m\u00f6chten wir Ihnen jedoch einige unserer Dienstleistungen vorstellen. Probleml\u00f6sung Wir stellen sicher, dass die&#8230;<\/p>\n","protected":false},"author":2,"featured_media":0,"parent":0,"menu_order":0,"comment_status":"closed","ping_status":"closed","template":"","meta":{"_kad_post_transparent":"default","_kad_post_title":"hide","_kad_post_layout":"normal","_kad_post_sidebar_id":"","_kad_post_content_style":"unboxed","_kad_post_vertical_padding":"hide","_kad_post_feature":"hide","_kad_post_feature_position":"","_kad_post_header":false,"_kad_post_footer":false,"footnotes":""},"class_list":["post-2703","page","type-page","status-publish","hentry"],"_links":{"self":[{"href":"https:\/\/goldwerk-wiesbaden.de\/index.php\/wp-json\/wp\/v2\/pages\/2703","targetHints":{"allow":["GET"]}}],"collection":[{"href":"https:\/\/goldwerk-wiesbaden.de\/index.php\/wp-json\/wp\/v2\/pages"}],"about":[{"href":"https:\/\/goldwerk-wiesbaden.de\/index.php\/wp-json\/wp\/v2\/types\/page"}],"author":[{"embeddable":true,"href":"https:\/\/goldwerk-wiesbaden.de\/index.php\/wp-json\/wp\/v2\/users\/2"}],"replies":[{"embeddable":true,"href":"https:\/\/goldwerk-wiesbaden.de\/index.php\/wp-json\/wp\/v2\/comments?post=2703"}],"version-history":[{"count":14,"href":"https:\/\/goldwerk-wiesbaden.de\/index.php\/wp-json\/wp\/v2\/pages\/2703\/revisions"}],"predecessor-version":[{"id":2817,"href":"https:\/\/goldwerk-wiesbaden.de\/index.php\/wp-json\/wp\/v2\/pages\/2703\/revisions\/2817"}],"wp:attachment":[{"href":"https:\/\/goldwerk-wiesbaden.de\/index.php\/wp-json\/wp\/v2\/media?parent=2703"}],"curies":[{"name":"wp","href":"https:\/\/api.w.org\/{rel}","templated":true}]}}